27 is divided by 4569?
1530
What is the remainder when 29474 is divided by 4201?
67
Calculate the remainder when 42684 is divided by 5497.
4205
Calculate the remainder when 768649 is divided by 380.
289
What is the remainder when 40375 is divided by 1661?
511
What is the remainder when 657492 is divided by 8339?
7050
Calculate the remainder when 144676 is divided by 3856.
2004
Calculate the remainder when 108969 is divided by 5152.
777
Calculate the remainder when 198665 is divided by 22071.
26
What is the remainder when 8324921 is divided by 16?
9
What is the remainder when 86453576 is divided by 515?
11
What is the remainder when 1027156 is divided by 33134?
2
Calculate the remainder when 2083383 is divided by 2082575.
808
Calculate the remainder when 3741439 is divided by 5792.
5599
Calculate the remainder when 317088 is divided by 317036.
52
Calculate the remainder when 669950 is divided by 669945.
5
What is the remainder when 592463 is divided by 1226?
305
Calculate the remainder when 2609672 is divided by 8258.
144
What is the remainder when 75573 is divided by 451?
256
What is the remainder when 14388784 is divided by 201?
199
Calculate the remainder when 13843214 is divided by 219.
5
Calculate the remainder when 33994 is divided by 18.
10
Calculate the remainder when 46357 is divided by 650.
207
What is the remainder when 55513 is divided by 2417?
2339
What is the remainder when 59330375 is divided by 148?
135
What is the remainder when 587326 is divided by 2886?
1468
What is the remainder when 84177661 is divided by 8520?
61
What is the remainder when 360081 is divided by 59944?
417
Calculate the remainder when 965407 is divided by 24754.
1
Calculate the remainder when 4102481 is divided by 2038.
2025
What is the remainder when 24682042 is divided by 2945?
2942
What is the remainder when 623148 is divided by 37?
31
Calculate the remainder when 135296845 is divided by 299993.
2
What is the remainder when 860099 is divided by 13231?
84
Calculate the remainder when 5307938 is divided by 189569.
6
Calculate the remainder when 1490023 is divided by 136.
7
What is the remainder when 41679 is divided by 260?
79
Calculate the remainder when 55356 is divided by 27453.
450
What is the remainder when 26049149 is divided by 1240435?
14
What is the remainder when 855766 is divided by 2570?
2526
What is the remainder when 5940 is divided by 5911?
29
Calculate the remainder when 1669003 is divided by 1668921.
82
What is the remainder when 9523756 is divided by 2380936?
12
Calculate the remainder when 94376 is divided by 488.
192
What is the remainder when 1209913 is divided by 4005?
403
What is the remainder when 38908612 is divided by 555837?
22
What is the remainder when 43465011 is divided by 5384?
5363
What is the remainder when 136953226 is divided by 13695322?
6
Calculate the remainder when 6429 is divided by 1400.
829
What is the remainder when 1717503 is divided by 883?
68
Calculate the remainder when 7204794 is divided by 371.
345
What is the remainder when 1263482 is divided by 125?
107
Calculate the remainder when 5373243 is divided by 9527.
15
What is the remainder when 3076637 is divided by 22457?
28
Calculate the remainder when 1002489 is divided by 222.
159
What is the remainder when 606711134 is divided by 6402?
6398
What is the remainder when 466066 is divided by 88?
18
What is the remainder when 2473116 is divided by 224818?
118
Calculate the remainder when 915513 is divided by 305170.
3
What is the remainder when 116127 is divided by 56936?
2255
Calculate the remainder when 2062876 is divided by 14033.
25
Calculate the remainder when 870486 is divided by 72444.
1158
Calculate the remainder when 38246989 is divided by 3135.
3124
What is the remainder when 1326425 is divided by 331596?
41
Calculate the remainder when 717141 is divided by 253.
139
What is the remainder when 119167273 is divided by 635?
633
Calculate the remainder when 369634016 is divided by 6020.
6016
Calculate the remainder when 5903823 is divided by 1806.
9
What is the remainder when 880347 is divided by 439935?
477
What is the remainder when 41915454 is divided by 20957714?
26
What is the remainder when 2666122 is divided by 533218?
32
What is the remainder when 147684 is divided by 36875?
184
Calculate the remainder when 449661735 is divided by 194.
193
What is the remainder when 2252644 is divided by 198?
196
Calculate the remainder when 30017448 is divided by 3261.
3204
What is the remainder when 3943922 is divided by 1341?
41
Calculate the remainder when 62217646 is divided by 36.
34
What is the remainder when 7499163 is divided by 68?
55
What is the remainder when 32718367 is divided by 170?
167
What is the remainder when 8790503 is divided by 1823?
1820
Calculate the remainder when 742690 is divided by 12.
10
What is the remainder when 8874318 is divided by 2576?
2574
Calculate the remainder when 45784 is divided by 852.
628
Calculate the remainder when 1136119 is divided by 1136078.
41
Calculate the remainder when 586231 is divided by 292364.
1503
Calculate the remainder when 2094282 is divided by 521.
383
What is the remainder when 60339 is divided by 8506?
797
Calculate the remainder when 567434239 is divided by 2560.
2559
What is the remainder when 33420055 is divided by 7138?
7077
What is the remainder when 223991 is divided by 6999?
23
What is the remainder when 826828 is divided by 3203?
454
What is the remainder when 43761 is divided by 1079?
601
Calculate the remainder when 28003085 is divided by 1210.
55
What is the remainder when 5723477 is divided by 20296?
5
Calculate the remainder when 928243 is divided by 1806.
1765
Calculate the remainder when 6274577 is divided by 21.
8
Calculate the remainder when 2579351 is divided by 1372.
1363
Calculate the remainder when 2157081 is divided by 59.
41
What is the remainder when 1056232 is divided by 363?
265
Calculate the remainder when 909906 is divided by 2974.
2836
Calculate the remainder when 506568 is divided by 96.
72
Calculate the remainder when 546293 is divided by 2924.
2429
Calculate the remainder when 27286955 is divided by 183.
8
Calculate the remainder when 135472 is divided by 370.
52
What is the remainder when 238495649 is divided by 883?
881
What is the remainder when 327322 is divided by 167?
2
Calculate the remainder when 879796 is divided by 32585.
1
Calculate the remainder when 33827 is divided by 1803.
1373
What is the remainder when 5573336 is divided by 4491?
5
What is the remainder when 5524474 is divided by 379?
170
What is the remainder when 81553338 is divided by 210189?
6
What is the remainder when 4849952 is divided by 161?
149
Calculate the remainder when 5021148 is divided by 2185.
18
Calculate the remainder when 28638 is divided by 1144.
38
What is the remainder when 287903 is divided by 26072?
1111
What is the remainder when 139563 is divided by 46519?
6
Calculate the remainder when 14796774 is divided by 949.
915
What is the remainder when 77307 is divided by 7917?
6054
What is the remainder when 2365 is divided by 166?
41
What is the remainder when 380509 is divided by 504?
493
Calculate the remainder when 15139349 is divided by 850.
849
What is the remainder when 157103726 is divided by 3?
2
What is the remainder when 10601 is divided by 6442?
4159
What is the remainder when 1832893 is divided by 50?
43
Calculate the remainder when 588857354 is divided by 5.
4
What is the remainder when 1006797 is divided by 5009?
4997
Calculate the remainder when 1465331 is divided by 23973.
2978
Calculate the remainder when 27851 is divided by 24153.
3698
What is the remainder when 4393092 is divided by 343?
291
What is the remainder when 725909 is divided by 851?
6
Calculate the remainder when 79016128 is divided by 3474.
3472
Calculate the remainder when 3846537 is divided by 51287.
12
Calculate the remainder when 11505786 is divided by 11505749.
37
What is the remainder when 1086330 is divided by 1086319?
11
Calculate the remainder when 3151431 is divided by 1575672.
87
Calculate the remainder when 84413 is divided by 112.
77
What is the remainder when 185817 is divided by 1377?
1299
Calculate the remainder when 158413 is divided by 1553.
7
What is the remainder when 59776 is